{"id":3076,"date":"2026-02-06T09:13:32","date_gmt":"2026-02-06T07:13:32","guid":{"rendered":"https:\/\/jalgpall.ee\/u17euro\/?page_id=3076"},"modified":"2026-04-16T13:56:51","modified_gmt":"2026-04-16T10:56:51","slug":"piletid-2","status":"publish","type":"page","link":"https:\/\/jalgpall.ee\/u17euro\/piletid-2\/","title":{"rendered":"Piletid"},"content":{"rendered":"<div id=\"themify_builder_content-3076\" data-postid=\"3076\" class=\"themify_builder_content themify_builder_content-3076 themify_builder\">\n    \t<!-- module_row -->\n\t<div   data-desktop-padding=\"5%,5%\" class=\"themify_builder_row module_row clearfix fullwidth_row_container module_row_0 themify_builder_3076_row module_row_3076-0 tb_zbsn961\">\n\t    \t    <div class=\"row_inner col_align_top\" >\n\t\t\t<div  class=\"module_column tb-column col-full first tb_3076_column module_column_0 module_column_3076-0-0 tb_iv2v961\" >\n\t    \t    \t        <div class=\"tb-column-inner\">\n\t\t            <!-- module fancy heading -->\n    <div  class=\"module module-fancy-heading tb_71v2256  \">\n\t        <h1 class=\"fancy-heading \">\n        <span  class=\"main-head\">\n            Piletid        <\/span>\n        <span class=\"sub-head tb_hide_divider\">\n                    <\/span>\n\n        <\/h1>\n    <\/div>\n    <!-- \/module fancy heading -->\n<!-- module text -->\n<div  class=\"module module-text tb_svp7436    \">\n            <div  class=\"tb_text_wrap\">\n    <div style=\"max-height: 600px; overflow: auto;\" data-widget-id=\"19475\" data-show=\"103642\" data-widgetautoload=\"true\" data-lang=\"est\">\u00a0<\/div>\n    <\/div>\n<\/div>\n<!-- \/module text -->\n<!-- module text -->\n<div  class=\"module module-text tb_gz14367    \">\n            <div  class=\"tb_text_wrap\">\n    <p>\u00a0<\/p>\n<p><a href=\"https:\/\/www.jalgpall.ee\/docs\/EST_TICKETING%20TERMS%20AND%20CONDITIONS.pdf\">UEFA U17 EM-finaalturniiri piletim\u00fc\u00fcgi tingimused (eesti keeles)<\/a><\/p>\n<p><a href=\"https:\/\/www.jalgpall.ee\/docs\/ENG_TICKETING%20TERMS%20AND%20CONDITIONS.pdf\">UEFA U17 EM-finaalturniiri piletim\u00fc\u00fcgi tingimused (inglise keeles)<\/a><\/p>\n<p><a href=\"https:\/\/www.jalgpall.ee\/docs\/UEFA_ProhibitedItems_EN_600x900mm_CMYK_68549_PF250408.pdf\">UEFA U17 EM-finaalturniiri staadioni reeglid<\/a><\/p>\n<p><a href=\"https:\/\/docs.google.com\/forms\/d\/e\/1FAIpQLScLWSTO-h-__XxNcOqVyoZIvyrrSpxVzNNyO6PFojpkeVrC4g\/viewform\">Skautide piletitaotluse vorm<\/a><\/p>    <\/div>\n<\/div>\n<!-- \/module text -->\n\t        <\/div>\n\t    \t<\/div>\n\t\t    <\/div>\n\t    <!-- \/row_inner -->\n\t<\/div>\n\t<!-- \/module_row -->\n\t<\/div>\n\n","protected":false},"excerpt":{"rendered":"<p>Piletid \u00a0 \u00a0 UEFA U17 EM-finaalturniiri piletim\u00fc\u00fcgi tingimused (eesti keeles) UEFA U17 EM-finaalturniiri piletim\u00fc\u00fcgi tingimused (inglise keeles) UEFA U17 EM-finaalturniiri staadioni reeglid Skautide piletitaotluse vorm<\/p>\n","protected":false},"author":2,"featured_media":0,"parent":0,"menu_order":0,"comment_status":"closed","ping_status":"closed","template":"","meta":{"footnotes":""},"class_list":["post-3076","page","type-page","status-publish","hentry","has-post-title","has-post-date","has-post-category","has-post-tag","has-post-comment","has-post-author",""],"builder_content":"<h1>Piletid<br\/><\/h1>\n\u00a0\n<p>\u00a0<\/p> <p><a href=\"https:\/\/www.jalgpall.ee\/docs\/EST_TICKETING%20TERMS%20AND%20CONDITIONS.pdf\">UEFA U17 EM-finaalturniiri piletim\u00fc\u00fcgi tingimused (eesti keeles)<\/a><\/p> <p><a href=\"https:\/\/www.jalgpall.ee\/docs\/ENG_TICKETING%20TERMS%20AND%20CONDITIONS.pdf\">UEFA U17 EM-finaalturniiri piletim\u00fc\u00fcgi tingimused (inglise keeles)<\/a><\/p> <p><a href=\"https:\/\/www.jalgpall.ee\/docs\/UEFA_ProhibitedItems_EN_600x900mm_CMYK_68549_PF250408.pdf\">UEFA U17 EM-finaalturniiri staadioni reeglid<\/a><\/p> <p><a href=\"https:\/\/docs.google.com\/forms\/d\/e\/1FAIpQLScLWSTO-h-__XxNcOqVyoZIvyrrSpxVzNNyO6PFojpkeVrC4g\/viewform\">Skautide piletitaotluse vorm<\/a><\/p>","_links":{"self":[{"href":"https:\/\/jalgpall.ee\/u17euro\/wp-json\/wp\/v2\/pages\/3076","targetHints":{"allow":["GET"]}}],"collection":[{"href":"https:\/\/jalgpall.ee\/u17euro\/wp-json\/wp\/v2\/pages"}],"about":[{"href":"https:\/\/jalgpall.ee\/u17euro\/wp-json\/wp\/v2\/types\/page"}],"author":[{"embeddable":true,"href":"https:\/\/jalgpall.ee\/u17euro\/wp-json\/wp\/v2\/users\/2"}],"replies":[{"embeddable":true,"href":"https:\/\/jalgpall.ee\/u17euro\/wp-json\/wp\/v2\/comments?post=3076"}],"version-history":[{"count":21,"href":"https:\/\/jalgpall.ee\/u17euro\/wp-json\/wp\/v2\/pages\/3076\/revisions"}],"predecessor-version":[{"id":3379,"href":"https:\/\/jalgpall.ee\/u17euro\/wp-json\/wp\/v2\/pages\/3076\/revisions\/3379"}],"wp:attachment":[{"href":"https:\/\/jalgpall.ee\/u17euro\/wp-json\/wp\/v2\/media?parent=3076"}],"curies":[{"name":"wp","href":"https:\/\/api.w.org\/{rel}","templated":true}]}}